divided by o?
12
Suppose -404*d = -421*d + 109888. Calculate the remainder when d is divided by 22.
18
Suppose b + 56 = 668. Suppose b = 4*v + 4*r, -4*r - 159 = -2*v + 153. What is the remainder when v is divided by 41?
31
Let y = 6740 + -6294. What is the remainder when y is divided by 40?
6
Let l(s) = -46*s - 1. Suppose 5*d - 9*j = -6*j - 8, -3 = 5*d + 2*j. Calculate the remainder when l(d) is divided by 16.
13
Let q = 148 + -101. Calculate the remainder when q is divided by 3/(27/261) + -3.
21
Suppose 60 + 1809 = 89*l. Let w(j) = j**3 - j**2 - 6*j - 1. Calculate the remainder when w(5) is divided by l.
6
Suppose 1956*s - 6783 = 1919*s + 4946. Calculate the remainder when s is divided by 7.
2
Let n be -8*7/(-112)*4. Suppose 5*l = n*f - 4*f + 87, -2*l = -6. Calculate the remainder when 46 is divided by f.
10
Suppose 203*t - 25640 = -t - 2792. Calculate the remainder when 7390 is divided by t.
110
Let s = 2341 + -2275. What is the remainder when s is divided by 9?
3
Let m(u) = -u**3 + 6*u**2 + 7*u - 18. What is the remainder when 200 is divided by m(-4)?
86
Let u be ((-771)/(-6))/((-3)/(-6)). Let s = u - -186. Suppose -2*k + 4*k + s = 5*o, -2*o + 3*k = -175. What is the remainder when o is divided by 15?
14
Suppose 3*x - 4*v - 378 = -0*v, 3*x + 5*v - 351 = 0. Let f(i) = 2*i**2 - 19*i - 1064. What is the remainder when x is divided by f(-19)?
8
What is the remainder when (-3*20/25)/((-3)/110) is divided by ((-28)/(-140))/((-96)/510 + 1/5)?
3
Let o = -262 + 304. Let u = 2443 - 2110. What is the remainder when u is divided by o?
39
Calculate the remainder when 72/(-468) + 269896/104 is divided by 59.
58
Let p(y) = y**2 + 6*y + 17. Let d(v) = v**3 - 11*v**2 + 10*v + 2. Let b be d(10). Suppose -b*k + 11 = 1. What is the remainder when p(-5) is divided by k?
2
Let w(n) = 2 - 73*n + 49*n - 116*n. Suppose -4*p + 4 = -4*o, -4*o + 0*o = -5*p + 4. What is the remainder when w(o) is divided by 24?
22
Let h(y) = 10*y**2 - 25 - 8*y - 29*y**3 + 13*y**3 + 5*y**3 + 13*y**3. Suppose -j + 14 = -15. Calculate the remainder when j is divided by h(-5).
14
Suppose -60*n + 68 + 232 = -30*n. Calculate the remainder when 1287 is divided by n.
7
Let b(i) = -121*i - 2508. What is the remainder when b(-23) is divided by 71?
62
Suppose -2*q = -29 - 31. Let o = 735 + -495. Suppose -20*g + 100 = -o. Calculate the remainder when q is divided by g.
13
Suppose 5*o - 26 = -1. Let x = o + 2. Suppose x*n - 294 = 4*n. What is the remainder when n is divided by 25?
23
Suppose 5 - 1 = 4*g. Let x = -49 - -49. Suppose 5*c + 4*z - 26 + 5 = 0, 2*c - 3*z + 10 = x. What is the remainder when g is divided by c?
0
Suppose -t - 10 + 111 = 0. Let b = 103 - t. Suppose 3*u + 6*r = b*r + 92, -4*r - 48 = -2*u. What is the remainder when 81 is divided by u?
25
Let y = 9292 - 9279. Suppose 0 = -5*g + 15 - 5. What is the remainder when y is divided by g?
1
Let d(w) = 13*w - 266. Suppose 1 = -2*q + 25. What is the remainder when q is divided by d(21)?
5
Suppose 3*y - 14 = 16. Suppose -5*g = 2*l - 192, -2*g + 9*l + 78 = 10*l. What is the remainder when g is divided by y?
6
Suppose 56*q - 58*q + 103 = 3*h, q - 48 = -h. What is the remainder when 327 is divided by q?
40
Let z = -180 - -175. Let n(g) = 6*g**2 - 18*g - 12. Calculate the remainder when n(z) is divided by 58.
54
Suppose -62*u + 6554 = -4*u. What is the remainder when 298 is divided by u?
72
Suppose 23074 = -22*g + 188*g. Calculate the remainder when 3329 is divided by g.
132
Suppose -3*i = 4*v - 140, -3*i + 0*i + 70 = 2*v. Suppose 0 = 3*n - 63 + 21. Let a = v - n. Calculate the remainder when a is divided by 8.
5
Let d(q) = 49*q. Let b(v) = v**3 + 55*v**2 + 51*v - 156. Let p be b(-54). What is the remainder when d(1) is divided by (459/(-68))/(p/(-16))?
13
Let l(q) = 2*q**3 - 80*q**2 + 26*q - 1048. Calculate the remainder when l(42) is divided by 38.
32
Let p(b) = -24*b - 76. Let d be p(-4). Suppose 0 = -d*y + 49 + 271. What is the remainder when 106 is divided by y?
10
Let u(x) = x**3 + 6*x**2 - 9*x - 3. Calculate the remainder when (-1770)/4*2*(-1)/3 is divided by u(-7).
9
Let y(c) = 5*c - 2. Let i = 10 - 2. What is the remainder when y(i) is divided by ((-20)/(-3))/(7/21)?
18
What is the remainder when 39 is divided by (-65)/(-6 + 3/3)?
0
Suppose 4*j + 2*k - 88 = 0, 4*j + j + k - 107 = 0. What is the remainder when 0 + 2786/j + (-15)/9 is divided by 33?
32
Suppose j + 2*w = 2, 120*j = 124*j + 3*w - 38. Suppose 5*q + 2*h - 159 = 2*q, -5*q - 5*h = -270. Calculate the remainder when q is divided by j.
9
Suppose 14*t - 698 = -26. Let b = 15 - 10. Suppose 85 = b*m - o + 3*o, 85 = 5*m + 3*o. Calculate the remainder when t is divided by m.
14
Suppose -4*p = 5*n - 419, 2*p - 211 = 78*n - 81*n. What is the remainder when 151 is divided by p?
50
Suppose 0 = -0*l - 2*l + 46. Suppose 0 = -5*i - 5*m + 155, 4*i - 196*m - 116 = -192*m. What is the remainder when i is divided by l?
7
Let x = -218 - -548. Let c = x + -273. Let w(n) = -3*n**3 - n**2 + n + 2. What is the remainder when c is divided by w(-2)?
17
Let l(c) = -c + 19. Let v be (-1)/(-6) - 7230/(-36). Let y = -139 + v. What is the remainder when y is divided by l(12)?
6
Suppose 2*j = 5*w + 25 + 13, 49 = j + 5*w. Suppose -2*r - 144 = -20*r. Calculate the remainder when j is divided by r.
5
What is the remainder when 119 is divided by 3/5 + 18078/345?
13
Let i = 388 + -241. Calculate the remainder when i is divided by (-51 + 1)*(-5262)/8770.
27
Let a be (-1 - -5) + ((-4)/(-7))/((-86)/3010). Let l(d) = d + 5. Let y be l(-4). What is the remainder when y/(-8) + 0 + (-1010)/a is divided by 17?
12
Let l = 96 - 87. Let p(q) = -q**3 + 9*q**2 + 7*q - 4. What is the remainder when p(l) is divided by 12?
11
Let w(z) = -2*z**2 - 91*z - 473. What is the remainder when 2935 is divided by w(-39)?
11
Suppose 5*j + y = 115, -30*j = -33*j - y + 69. Calculate the remainder when 43 is divided by j.
20
Suppose 2*p - 346 = -3*h - 2*h, 3*h - 5*p - 189 = 0. What is the remainder when h is divided by (-3*6)/(81/6 - (-3375)/(-225))?
8
Let i(y) = 2*y**2 + 145*y + 1356. Calculate the remainder when 262 is divided by i(-11).
1
Suppose 10*v - 6*v + 3*u = 60, -5*v + 80 = 5*u. Let w(i) = -i**3 - 14*i**2 - 41*i + 17. Calculate the remainder when w(-10) is divided by v.
3
Suppose 3*u + 180 = 4*m, 0 = -4*m - 48*u + 45*u + 180. Calculate the remainder when 8908 is divided by m.
43
Let r = 129 - -18. Suppose -458 - r = -11*s. Calculate the remainder when s is divided by 10.
5
Let g = 9 - 23. Let m = 24 + g. Suppose m = -x - 0*r - 3*r, -5*r = -3*x + 40. What is the remainder when 42 is divided by x?
2
Suppose -9*p + 5*b = -7*p + 30, 4*p + 76 = 2*b. What is the remainder when 265 is divided by ((-356)/p)/(4/20)?
87
Suppose -2*x + 2*a = -1222, x - 393 = -3*a + 222. Suppose 4*p + 4*v = x, -4*p + v + 101 + 511 = 0. What is the remainder when p is divided by 26?
23
Let a = -4650 - -5107. Calculate the remainder when a is divided by 168.
121
Calculate the remainder when (14229/24 + 5)/(8/64) is divided by 52.
51
Suppose 55*v - 11010 = 50*v + 2*r, -3*v - r + 6606 = 0. Calculate the remainder when v is divided by 11.
2
Let z(u) = 47*u - 943. What is the remainder when 532 is divided by z(22)?
77
Suppose u = t + 126, -38 - 214 = -2*u + 3*t. Calculate the remainder when 1131 is divided by u.
123
What is the remainder when 115 is divided by (-5)/(-20) + 948/48?
15
Let p(w) = -2*w**3 + 7*w**2 - 4*w + 4. Let a be p(3). Let s(u) = 95*u**2 - 10*u + 9. What is the remainder when s(a) is divided by 26?
16
Suppose -4*l - 2*r + 192 = 0, -77 = -l - 3*r - 34. Calculate the remainder when 85 + (-24)/(-10) + (-6)/15 is divided by l.
38
Let z(j) = 5*j**3 - 38*j**2 - 7*j - 64. What is the remainder when 1023 is divided by z(8)?
7
Suppose -5*p = -2*i + 3, p - 21 = 2*i - 4*i. Let f = -6319 + 6356. Calculate the remainder when f is divided by i.
1
Let m be 36653/19 - ((-295)/(-95) - 3). Suppose -m + 14311 = 41*s. Calculate the remainder when s is divided by 51.
47
Calculate the remainder when 1524 is divided by (-4)/((-2080)/9144 + -1*(-18)/81).
0
Let u(d) = d + 1. Let o(r) = -7*r - 26. Let g(x) = -o(x) - 4*u(x). Calculate the remainder when g(-3) is divided by (-4)/18 - (-94)/18.
3
Let w(f) = 14*f**2 + 22*f - 44. Let j(r) = r**2 + 6*r + 6. What is the re